 - 2) + -1
-8
Calculate 4 - (0 + -3 - (0 - 4)).
3
Evaluate 0 - 8 - (-6 - (5 + -9)).
-6
Evaluate -24 + 27 + (-1 - -1).
3
What is -1 - ((-3 - 0) + (3 - 1))?
0
Evaluate -6 + -4 + 11 - -1.
2
8 + 0 - (29 - 15)
-6
-16 + -2 + 11 + 2
-5
Evaluate (1 - -1) + (-1 + -4 - -1).
-2
What is 7 + (-8 - (-15 - -8))?
6
What is the value of 1 - (-1 - (-1 + 4))?
5
What is (13 - 8) + (1 - 2)?
4
Calculate -13 + 9 + -7 + 9.
-2
Evaluate 43 + -60 + (-2 - -13).
-6
What is the value of (2 - -7) + (-5 - (0 - 1))?
5
What is the value of (-4 - 2 - (-5 + 1)) + 3?
1
(-2 - 11) + -5 + 10
-8
Evaluate 1 - (6 - (-6 - -10) - -1).
-2
What is the value of 2 + 6 + -9 - -6?
5
Evaluate (16 - 18) + (1 + -3 - 1).
-5
-3 + (5 + -3 + -3 - -2)
-2
Evaluate 0 - 2 - (-4 - (1 - -1)).
4
What is (-7 - -7 - 7) + 6?
-1
What is the value of (6 - (-4 + 9)) + 0?
1
Evaluate (5 - 1) + (-7 - -5) - 4.
-2
Evaluate 1 + -2 + 7 + -10 + 6.
2
Evaluate -15 + 13 + 0 + 4.
2
7 - (-34 + 38 - (-8 - 1))
-6
Calculate (-44 - -47) + -2 + 2 + 1.
4
Calculate -2 + (4 - 7 - -4).
-1
What is the value of (-5 - (-1 - (4 + -1))) + 5?
4
Evaluate (-5 - (2 - (5 - 2))) + 0.
-4
Evaluate -3 + 7 + -3 - (1 - -1).
-1
What is 11 - (1 + 6) - (0 - 1)?
5
What is the value of 0 + 1 + (11 + -27 - -19)?
4
What is 7 + -2 + 0 - 1?
4
Calculate 1 + 7 - (-4 + 11 - 3).
4
What is 1 - (2 - (1 - 2))?
-2
What is (1 - (-1 - -3)) + (-2 - -3)?
0
Evaluate 14 - 2 - (-6 + 10).
8
Evaluate 9 + 0 + -4 + (35 - 33).
7
5 + (-5 - 2 - -2) + -1
-1
What is 29 + -26 + (-5 - -1)?
-1
What is 3 + 1 + (3 - (7 + -2))?
2
-5 + (3 - (-3 - -4))
-3
Calculate (5 - 5 - 0) + -5.
-5
Evaluate -3 - (-1 - 0 - (-12 - -14)).
0
Evaluate 11 + (-4 - -3) - 9.
1
Calculate 4 + -5 + -3 + 5.
1
-5 + -3 - (-4 - 1)
-3
What is the value of -14 + (9 - 4) - (-6 - -1)?
-4
What is the value of (-6 - (-5 - -3)) + 8 + -6?
-2
What is (2 - (10 + -5)) + 8?
5
What is -5 + (7 - 5 - 5) + 5?
-3
What is 2 + -1 + -7 + (10 - 5)?
-1
What is the value of 17 + 10 + 1 + -21?
7
What is the value of (0 - 0) + 1 + (-1 - 0)?
0
(1 - -6) + 12 + -21
-2
-5 + (-1 - (-1 + -2 - 2))
-1
Evaluate 11 + (-5 + -2 + 8 - 4).
8
What is 2 - ((2 - 5) + 8 - 2)?
-1
Evaluate 6 + -5 + 0 + -5.
-4
(-16 - -2) + 12 + (0 - 7)
-9
Evaluate -1 + -1 + 1 + 0 + -4.
-5
Evaluate -19 - -13 - (-2 - 3).
-1
Evaluate -3 - (-5 + 5 - (-2 + 1)).
-4
What is the value of -8 + 6 + (3 - 6) + 6?
1
What is the value of 2 + 3 + 1 + -10 - 1?
-5
(-9 - -6 - 2) + 2
-3
What is 2 + (6 - 2 - 9) - -6?
3
What is the value of 0 - 2 - (-10 - 8 - -13)?
3
What is the value of 0 - (2 - 9) - 9?
-2
What is -3 - ((-1 - (-1 + 3)) + 0)?
0
What is the value of 4 - 0 - (10 - 4)?
-2
What is the value of 2 - (3 + 0) - (3 - 0)?
-4
What is (-2 - -2) + 1 + -4?
-3
What is (0 - -5) + -15 + 15?
5
Calculate -1 - (-9 + 13) - -12.
7
Evaluate (-2 - 1) + (-7 - 0 - -11).
1
What is 6 - (10 - (-8 - -9))?
-3
1 + -9 + -3 + 5
-6
0 + -5 + 3 - (48 + -55)
5
Calculate -2 + 14 + -12 - (0 - 0).
0
4 - (-12 - -8) - (4 - 0)
4
(9 - 5) + 0 + 0
4
Evaluate -5 + (-10 - -17) - (0 - -6).
-4
Calculate -2 + (5 - 2) + 6 - 3.
4
Calculate -23 - -28 - (-1 + 1).
5
Calculate 4 + 0 + -6 - -3.
1
What is the value of 2 + (-1 - 6 - -3)?
-2
What is the value of -2 + -1 + -3 + (9 - 3)?
0
Calculate -1 + -2 + 1 + -1 + 11.
8
What is the value of (3 + 3 + -7 - -2) + 0?
1
-2 + (-4 - 2 - -12) + 1
5
Evaluate 1 - ((13 - -4) + -6).
-10
What is the value of -9 - 2 - -11 - 4?
-4
What is the value of (-2 - -5) + -4 + 2?
1
5 + (21 - 9) + -20
-3
What is the value of -8 - -5 - (-4 + (1 - 1))?
1
Calculate 8 + -20 - -15 - 4.
-1
What is 2 + -10 + -3 + 6 + -2?
-7
What is the value of 0 + -1 + 0 + 2 + 3?
4
(10 + -7 - 6) + -2 + -2
-7
What is 8 + -11 - (0 - -2)?
-5
Calculate -13 + (-6 - (-19 + (11 - 3))).
-8
Evaluate -7 + 8 + (7 - 4).
4
Evaluate 4 + (4 - 2) - (2 + 1).
3
-5 + 9 - (-4 + 7)
1
Evaluate -4 - (1 + 1 + (-4 - -2)).
-4
Evaluate -3 - (-4 - -3) - 0.
-2
Evaluate 2 - 2 - (3 - 7).
4
What is the value of 0 + (-5 - -5) - 7?
-7
(-2 - 0) + (10 - 5)
3
(5 - (1 + 2)) + -2
0
(5 - -3) + -10 - -5
3
Calculate -5 - 0 - (-9 - -9).
-5
What is the value of -2 + 5 + -4 - 2 - -8?
5
What is the value of -4 + 8 + (-2 - 2) + 3?
3
Evaluate (-3 - 3) + (31 - 24).
1
-7 - 1 - -5 - (-3 + 6)
-6
(-4 - -1) + 0 + (15 - 11)
1
Calculate 1 + 1 + 1 + (0 - 0).
3
What is 6 + -1 - 1 - (30 + -28)?
2
Calculate 11 - (0 - -7 - 0).
4
What is -1 - (3 - (-4 - -9)) - 5?
-4
-8 + 17 + -8 - (-3 - 1)
5
-1 + (-8 - -6 - (-1 - -2))
-4
Calculate -6 - (12 + -7 - 12).
1
What is the value of 3 - (-3 + (4 - -4)) - 3?
-5
Evaluate 0 + 0 + 4 + 1.
5
-3 - (2 - (4 - 4)) - -3
-2
What is the value of -7 + 7 + (6 - (8 - -2))?
-4
What is the value of -7 + 8 + (6 - 0)?
7
Evaluate (3 - (-1 + 1)) + 1 + -3.
1
What is -8 + 0 - 3 - (-3 + 0)?
-8
Calculate -2 - (-16 + 2) - (-12 + 15).
9
What is -1 + 5 + -1 + (2 - 1)?
4
Calculate -3 + 0 + -6 + 9.
0
What is the value of (10 - (9 + -5)) + -11 + 6?
1
What is 3 + -8 + 4 + 0?
-1
Evaluate 7 - (-3 - -7 - -3).
0
What is the value of -12 - (-7 - 13 - 1)?
9
Evaluate (1 - (4 - 5)) + (-1 - -3).
4
Calculate 1 + 8 + (9 + -8 - 2).
8
Evaluate 0 - -8 - (71 + -63).
0
What is 295 + -301 - (-3 - (1 - -1))?
-1
Evaluate 10 + (-4 - -2) + -7.
1
(11 - (10 - 5)) + (0 - 1)
5
15 - (18 + -3 - 7)
7
What is the value of (4 + -2 - -4) + (-5 - -2)?
3
What is (-1 - 4 - -4) + 1?
0
Calculate -14 - (-2 - 1) - (6 + -11).
-6
What is (-3 - (1 + -8)) + (-4 - 3)?
-3
Calculate 14 + -10 + (-1 - (-1 + 4)).
0
Calculate (10 - (0 - (-7 + 1))) + -6.
-2
Evaluate -5 - ((-6 + 16 - 4) + -16).
5
What is the value of 13 - (24 - 0 - 3)?
-8
-2 + 1 + (-7 - -1 - -1)
-6
0 - (-2 + 0) - (-43 - -43)
2
-17 + (-8 - (-29 - -10))
-6
Evaluate -1 + 7 + 0 + (140 - 141).
5
Calculate (-5 - 4) + -2 - -4 - -2.
-5
What is the value of 0 - ((3 - 7) + 3)?
1
Calculate (0 - (-1 + -1)) + 2.
4
What is -16 + 24 - (13 + -1)?
-4
What is -17 + (-10 + 9 - -10)?
-8
(-2 - -2) + 2 + -3
-1
Calculate (1 - -3) + -8 + (4 - -4).
4
Evaluate 4 + -5 + 3 + 2 + -2.
2
What is the value of (-13 + 2 - -15) + (0 - -4)?
8
Evaluate -5 + 0 + (7 - -1).
3
What is 14 - 15 - (5 - -3 - 3)?
-6
What is the value of 9 - (6 - (-6 + 8))?
5
What is the value of 2 + -4 + (-5 - -2)?
-5
What is the value of -2 + (6 - -5 - 6)?
3
What is -6 - (2 - (0 + -3 - -8))?
-3
What is 10 - ((6 - 3) + 2)?
5
Calculate 0 - -3 - (-13 + 12).
4
1 + 0 + (-5 - -2) - -2
0
Calculate -1 + 6 + -45 + 36.
-4
-4 - ((3 - (-4 - -15)) + 1)
3
Evaluate 1 + 4 - ((-15 - -16) + -4).
8
What is the value of -6 + 14 + 8 + -1 + -7?
8
What is -4 + (5 - 2) + 3 + -3?
-1
What is the value of (3 - -1) + (16 - 25)?
-5
Calculate 10 + -5 - (3 + -9 + 5).
6
What is (-4 - 5) + -1 - (0 + -5)?
-5
Calculate -2 - (-4 - (-5 - 4)).
-7
What is 3 + -4 + 0 + 1 - 2?
-2
Calculate (-2 - 1 - (0 + -6)) + -3.
0
Evaluate 2 + (4 + -2 - 7 - 7).
-10
8 - (3 + (3 - 5) - 1)
8
-3 + (3 - 0) - 3
-3
Evaluate 0 + 5 + 0 - 5.
0
Evaluate -40 + 44 - (0 + 1).
3
What is the value of 56 + -59 + (-1 - -9)?
5
25 + -29 + (-1 - 3) + 1
-7
What is (-3 - -2) + -1 - (2 + -7)?
3
What is the value of (-8 - -1) + (43 - 34)?
2
Evaluate 1 + -5 - (12 + -16) - -4.
4
Calculate -6 - -7 - (10 - 1).
-8
-1 + 2 + (15 - 12)
4
Calculate (-1 - 2) + (0 + 2 - 2).
-3
Calculate -1 + -2 + (2 - 4 - -4).
-1
Calculate 4 + 6 + -4 + -9.
-3
19 + -9 + -10 - -2
2
Evaluate 7 + (11 - (-11 + 33)).
-4
Calculate 1 + -3 + 2 + 4.
4
Evaluate (-9 - (3 - 9)) + (0 - -1).
-2
Evaluate (2 + -4 + -4 - -6) + 5.
5
4 - (9 - 5) - (0 + 9)
-9
-3 - ((-3 - -4) + -1)
-3
(6 - 10) + (2 - (2 + -2))
-2
(-5 - -2) + (0 - 2)
-5
Calculate -237 - -226 - (1 - 13).
1
What is the value of -4 + 0 + -4 + (2 - -1)?
-5
Evaluate (-1 - -4 - 1) + -2.
0
Evaluate -9 - (9 + -5) - -12.
-1
Calculate 31 + -27 + 0 + -9.
-5
What is the value of 3 + (2 - -4) + -5 - 6?
-2
Calculate 2 - ((-9 - -15) + -2).
-2
What is the value of -3 + -2 + 5 + -1 + 0?
-1
-5 + -1 + 4 - -5
3
What is -1 - (-4 + (3 - 0) + 4)?
-4
What is the value of 8 - ((-1 - 0) + 4)?
5
Calculate 9 - (3 + -1 + 8).
-1
What is the value of (0 - (-3 + 7)) + 3 + 1?
0
-5 + (4 - -2) + 4 + -8
-3
What is the value of -5 + (8 - 1 - 13 - -6)?
-5
Evaluate -8 + -1 + -1 - (3 - 8).
-5
What is -2 + -2 + 3 - 0?
-1
What is the value of (1 - 3 - 1) + (9 - 10)?
-4
What is -28 - -30 - (0 - -1)?
1
Evaluate 2 + -5 + 3 + -5 - -3.
-2
What is -4 + 0 + 5 + (-4 - -8)?
5
What is the value of (-5 + 8 - 5) + -1 + 0?
-3
Evaluate (-1 - 5 - (-